it of 71345989?
8
What is the units digit of 25385926?
6
What is the ten thousands digit of 486855894?
5
What is the millions digit of 1154535566?
4
What is the ten thousands digit of 97837657?
3
What is the tens digit of 698243932?
3
What is the ten thousands digit of 39388917?
8
What is the ten thousands digit of 350925596?
2
What is the thousands digit of 191621933?
1
What is the tens digit of 545694406?
0
What is the hundreds digit of 12131797?
7
What is the tens digit of 104610918?
1
What is the hundred thousands digit of 16767296?
7
What is the ten millions digit of 2037835522?
3
What is the hundreds digit of 1354397458?
4
What is the thousands digit of 217485048?
5
What is the hundred thousands digit of 1395505409?
5
What is the hundred thousands digit of 162628865?
6
What is the hundred millions digit of 121878912?
1
What is the units digit of 90727054?
4
What is the units digit of 87561695?
5
What is the units digit of 578177542?
2
What is the billions digit of 1334599499?
1
What is the units digit of 134919630?
0
What is the units digit of 5312705?
5
What is the tens digit of 42064602?
0
What is the hundreds digit of 255306611?
6
What is the hundreds digit of 487568863?
8
What is the ten millions digit of 24414385?
2
What is the ten thousands digit of 317494701?
9
What is the ten thousands digit of 30384982?
8
What is the ten millions digit of 2645828698?
4
What is the hundred thousands digit of 13235539?
2
What is the thousands digit of 614817207?
7
What is the tens digit of 1396106685?
8
What is the hundred thousands digit of 66689715?
6
What is the hundred thousands digit of 3583561180?
5
What is the units digit of 52031870?
0
What is the ten thousands digit of 53284816?
8
What is the hundreds digit of 50797563?
5
What is the tens digit of 5172365438?
3
What is the ten millions digit of 261184195?
6
What is the ten millions digit of 309412530?
0
What is the hundreds digit of 500553879?
8
What is the millions digit of 219786939?
9
What is the units digit of 563497346?
6
What is the millions digit of 692614046?
2
What is the units digit of 317639228?
8
What is the units digit of 1430231635?
5
What is the hundred thousands digit of 35053234?
0
What is the hundred thousands digit of 1785502750?
5
What is the hundred millions digit of 3599651934?
5
What is the tens digit of 536102264?
6
What is the hundreds digit of 1256646149?
1
What is the hundred millions digit of 115072427?
1
What is the thousands digit of 131616765?
6
What is the millions digit of 370667517?
0
What is the units digit of 38917038?
8
What is the hundred thousands digit of 91113440?
1
What is the millions digit of 2406195625?
6
What is the tens digit of 50096393?
9
What is the millions digit of 619529495?
9
What is the ten thousands digit of 54647798?
4
What is the hundred thousands digit of 114109729?
1
What is the units digit of 513042413?
3
What is the millions digit of 50359187?
0
What is the hundreds digit of 154047566?
5
What is the millions digit of 321678962?
1
What is the hundred millions digit of 159004927?
1
What is the ten millions digit of 444970215?
4
What is the units digit of 125233189?
9
What is the tens digit of 1286926316?
1
What is the hundreds digit of 2749208178?
1
What is the ten thousands digit of 1737436791?
3
What is the hundred millions digit of 249682103?
2
What is the millions digit of 37070501?
7
What is the ten thousands digit of 1558507154?
0
What is the hundred millions digit of 386642361?
3
What is the tens digit of 39091916?
1
What is the ten millions digit of 2733632968?
3
What is the hundred thousands digit of 2027051294?
0
What is the thousands digit of 3007746622?
6
What is the ten millions digit of 546215914?
4
What is the thousands digit of 81245547?
5
What is the hundred millions digit of 822910175?
8
What is the hundred millions digit of 191560270?
1
What is the hundred millions digit of 206966071?
2
What is the hundreds digit of 75936569?
5
What is the millions digit of 58629448?
8
What is the tens digit of 119867403?
0
What is the billions digit of 4459084066?
4
What is the hundreds digit of 16439519?
5
What is the thousands digit of 74262235?
2
What is the millions digit of 12763875?
2
What is the ten thousands digit of 223147782?
4
What is the thousands digit of 946156276?
6
What is the hundred thousands digit of 103414698?
4
What is the thousands digit of 650285802?
5
What is the hundreds digit of 4439758090?
0
What is the thousands digit of 136835948?
5
What is the ten thousands digit of 615676131?
7
What is the thousands digit of 239450247?
0
What is the tens digit of 738166425?
2
What is the ten thousands digit of 41693688?
9
What is the ten millions digit of 14164874?
1
What is the ten thousands digit of 1155720307?
2
What is the ten millions digit of 88392332?
8
What is the hundreds digit of 7504935?
9
What is the millions digit of 83195829?
3
What is the ten thousands digit of 3586451?
8
What is the thousands digit of 957993338?
3
What is the hundreds digit of 41853664?
6
What is the thousands digit of 794597272?
7
What is the ten thousands digit of 493402813?
0
What is the thousands digit of 36248565?
8
What is the ten millions digit of 617263005?
1
What is the millions digit of 9593501?
9
What is the ten thousands digit of 41962173?
6
What is the hundred millions digit of 190048739?
1
What is the tens digit of 47981910?
1
What is the hundreds digit of 958216893?
8
What is the millions digit of 1723787862?
3
What is the hundreds digit of 141121684?
6
What is the millions digit of 244467267?
4
What is the hundreds digit of 78834395?
3
What is the thousands digit of 627525445?
5
What is the hundred millions digit of 165631044?
1
What is the hundred millions digit of 500935011?
5
What is the tens digit of 80630387?
8
What is the billions digit of 8798588669?
8
What is the units digit of 235290590?
0
What is the hundreds digit of 25604245?
2
What is the ten thousands digit of 5780669508?
6
What is the millions digit of 226870838?
6
What is the ten thousands digit of 93714744?
1
What is the tens digit of 13422048?
4
What is the ten millions digit of 130479042?
3
What is the tens digit of 698733858?
5
What is the units digit of 18848016?
6
What is the hundred millions digit of 1223740477?
2
What is the hundred millions digit of 6837365355?
8
What is the ten thousands digit of 1319153284?
5
What is the thousands digit of 27099835?
9
What is the units digit of 1632267255?
5
What is the hundreds digit of 4976558625?
6
What is the ten millions digit of 413964986?
1
What is the ten thousands digit of 945325507?
2
What is the hundred millions digit of 2644124921?
6
What is the hundreds digit of 281059745?
7
What is the hundreds digit of 18499509?
5
What is the ten thousands digit of 40415540?
1
What is the thousands digit of 714844596?
4
What is the hundred thousands digit of 97124305?
1
What is the thousands digit of 495530690?
0
What is the millions digit of 891744117?
1
What is the hundred millions digit of 1699721364?
6
What is the hundreds digit of 8867558?
5
What is the ten millions digit of 18931190?
1
What is the ten thousands digit of 1898302470?
0
What is the millions digit of 523229689?
3
What is the ten millions digit of 138629546?
3
What is the units digit of 53663682?
2
What is the tens digit of 536617163?
6
What is the units digit of 73634087?
7
What is the tens digit of 52594731?
3
What is the hundred millions digit of 531384243?
5
What is the hundreds digit of 397756515?
5
What is the hundred millions digit of 114020029?
1
What is the units digit of 26354610?
0
What is the ten millions digit of 108871620?
0
What is the ten millions digit of 652591517?
5
What is the hundred millions digit of 4771630772?
7
What is the ten millions digit of 352122193?
5
What is the millions digit of 35530011?
5
What is the ten millions digit of 572373307?
7
What is the hundred thousands digit of 35257993?
2
What is the units digit of 94733278?
8
What is the ten millions digit of 393785525?
9
What is the tens digit of 43327364?
6
What is the tens digit of 997225304?
0
What is the millions digit of 430177150?
0
What is the hundred thousands digit of 655868946?
8
What is the hundred millions digit of 271303586?
2
What is the 